p and 779.
19
Suppose 3*j - 6*v - 60 = 0, -j + 291*v = 286*v - 11. What is the greatest common factor of 351 and j?
13
Let d be (-1)/3 - (-13 + (-200568)/36). Calculate the highest common factor of 16 and d.
16
Suppose -2032 = -55*m + 1268. Suppose 31 - 219 = -2*q - 4*n, 3*q - n - 268 = 0. What is the greatest common divisor of m and q?
30
Suppose 262*b = 184*b + 9828. What is the highest common divisor of 405 and b?
9
Suppose 12246 = 13*a + 4*a + 22*a. What is the greatest common divisor of a and 34?
2
Let l = 71 - -154. Let q = 379 - l. Calculate the greatest common divisor of 11 and q.
11
Suppose -4 = r, 208 + 52 = -2*z - 3*r. Let c be 3*(118/(-3) + 0). Let d = c - z. What is the greatest common divisor of 48 and d?
6
Let j be (-4 - -2)/((-2)/3). Suppose -2*v + 1046 = 4*y, 0 = -0*y - j*y + 5*v + 765. Let d = -156 + y. Calculate the highest common factor of d and 26.
26
Let z be (-11094)/(-172)*(-5)/((-15)/166). Calculate the greatest common divisor of 129 and z.
43
Let v be (75/(-2))/(2/(-4)). Let u be (24/(-15))/((-272)/10200). Calculate the greatest common factor of v and u.
15
Let c = -6672 - -6856. What is the greatest common divisor of c and 16?
8
Suppose 8*i - 5*i - 38 = -4*g, 12 = i + g. Suppose -38 = i*w - 11*w - 4*h, -3*w + 2*h + 72 = 0. Calculate the greatest common divisor of 832 and w.
26
Let l be 25/(-2)*((-360)/50 + -6). Calculate the highest common factor of l and 2915.
55
Let x(n) = -n**3 - 15*n**2 + 8*n - 38. Let g be x(-16). Let j(v) = v + 5. Let k be j(5). Calculate the greatest common factor of k and g.
10
Let y = 17 + -19. Let q = y - -62. Let w = 366 - 216. Calculate the greatest common divisor of q and w.
30
Suppose 0 = 3*l + 3*u - 4422, 12*u - 11*u - 4412 = -3*l. What is the greatest common divisor of 65 and l?
13
Let t(a) = a**2 + 11*a + 26. Let p be t(-8). Let q be 442*p/(-2)*(10 + -11). What is the greatest common factor of q and 34?
34
Suppose -s + 4*k - 33272 = -6*s, 0 = k + 2. Calculate the highest common divisor of 13 and s.
13
Let a = -4102 + 4137. Calculate the highest common divisor of a and 12040.
35
Suppose 4*g + 28 = 2*v + 8, -v + 19 = -5*g. Suppose 3*p - 5*o - 70 = 0, -v*p + 95 = 4*o - 41. Calculate the greatest common divisor of 30 and p.
30
Let u(m) = -m**3 + 3*m. Let p be u(-3). Let a be (-6)/4*(-18 - -8). Let g = p - a. What is the greatest common factor of g and 3?
3
Let p(h) = 11*h**2 - 723*h + 46. Let q be p(66). Calculate the greatest common factor of 7 and q.
1
Suppose -95*g = -96*g + 3289. Calculate the highest common divisor of g and 22.
11
Suppose -3*n + 11 + 10 = 0. Suppose 0 = -4*l + 129 + 235. Let x = l + -56. Calculate the highest common factor of n and x.
7
Suppose 0 = -25*t - 48 + 2048. Calculate the greatest common factor of 1040 and t.
80
Let h be (-12 + (-36)/(-4))*(-14)/3. Let d = 215 - 61. Calculate the highest common divisor of d and h.
14
Let m(b) = -73*b**2 + 7*b - 24. Let x be m(6). Let z be ((-2)/6)/(5/x). What is the highest common factor of z and 58?
58
Suppose -28*a + 24*a + 12 = 0. Suppose 0 = a*r + 2*r + 2*l + 4, -8 = r - 2*l. Let t be r/12 + (-52)/(-24). Calculate the highest common factor of t and 10.
2
Let k be (728 - -2) + 2160/120. Calculate the highest common divisor of k and 176.
44
Suppose -77*n + 997722 = 315887. Calculate the highest common divisor of 161 and n.
161
Suppose -3*s = 12*s + 14*s - 49764. Calculate the greatest common factor of s and 624.
156
Suppose 0 = 2*k + k - 90. Let a = k - 18. Let h = 11771 - 11765. Calculate the greatest common divisor of a and h.
6
Let u(k) = 4*k**2 + 204*k + 548. Let a be u(-58). What is the greatest common factor of a and 96?
12
Suppose -4*k - 24990 = -18*k. Suppose -5*q + 540 = 3*h - k, 0 = q - h - 473. What is the highest common factor of 52 and q?
52
Let g(q) = 2092*q**2 - 74*q - 137. Let o be g(-2). What is the greatest common divisor of o and 342?
171
Let i be (-26)/104 - 9/(-4). Suppose 0 = i*g + 3*v + 20 - 50, -v = -5*g + 92. What is the greatest common divisor of g and 24?
6
Let s(v) = v**2 + 22*v + 49. Let a be s(-20). Suppose 0 = a*i - 17 - 1. Let j(q) = 71*q + 2. Let z be j(i). Calculate the greatest common divisor of 16 and z.
16
Suppose 4 = 3*w - 2*w. Suppose 0 = -16*u + 41*u - 200. Suppose -3*o = -j - 29, 0 = -o - 5*j + u + 7. Calculate the greatest common factor of w and o.
2
Let i(s) = 71*s + 1035. Let y be i(-14). What is the greatest common divisor of 656 and y?
41
Let z = -31 + 56. Suppose q - 2*o - 25 = 6, -5*q - 4*o + 155 = 0. Suppose -4*w = 11 - q. What is the greatest common divisor of z and w?
5
Suppose 0 = 13*z - 107 - 88. Suppose -27 = 2*x - 87. What is the highest common factor of z and x?
15
Let w = 22113 - 21933. Calculate the highest common factor of 21240 and w.
180
Let d = -1220 + 1242. Suppose 39 = k + x - 5*x, -4*x = 4*k - 236. What is the greatest common divisor of d and k?
11
Let p(j) = -35*j + 295. Let a be p(8). Let h be 31 - ((3 - 0) + -2). Suppose 3*o - 5*o = -h. What is the highest common factor of a and o?
15
Suppose 65*l = -10*l + 11113 - 2713. What is the highest common divisor of l and 448?
112
Suppose 45*b - 42*b = -5*g + 77, 20 = 5*b. Let c(h) = -h**3 + 13*h**2 + 10*h - 13. Let w be c(g). Calculate the highest common divisor of w and 26.
13
Let f be 9 + -1 + 69 + 4. Suppose -3*p + 2*y + 582 + f = 0, 0 = -y. Calculate the greatest common divisor of p and 68.
17
Let b = 21 - 9. Suppose 171234 = 739*k + 318*k. What is the highest common divisor of b and k?
6
Let g = -4 + 6. Suppose -w + 54 = 4*x, x - 3*w - g = 18. Suppose 0 = 12*v - 14*v + 224. Calculate the highest common factor of x and v.
14
Let r(t) = t**3 + 16*t**2 + 28*t - 1. Let d be r(-14). Let k be (0 + d)*4*(-117)/6. What is the highest common divisor of k and 26?
26
Suppose -10 = 2*y + 86. Let p be 10/3 - (-6 + -10)/y. Let z(q) = q**3 + 5*q**2 + q - 3. Let l be z(-4). Calculate the greatest common factor of l and p.
3
Suppose 2*l + 3*z - 211 = 0, -698 + 286 = -4*l + 4*z. What is the highest common divisor of 2236 and l?
52
Let f(p) = 17*p**3 + 2*p**2 - p + 2. Suppose 7*n - 3*n = 8. Let a be f(n). What is the highest common divisor of 3 and a?
3
Suppose 3*l + 583 = 3*w - 35, -3*l - 642 = 5*w. Let h = l + 215. Let g(k) = -5*k - 6. Let z be g(-6). Calculate the highest common factor of h and z.
6
Let g be ((-9)/4)/(0 + (-2)/(-32)). Let h be (26/(-4))/(3/g). Suppose 0 = 5*x - 4*u - 87, 0*u - u = -5*x + h. What is the greatest common factor of 90 and x?
15
Suppose -u = o - 5, 5*o + 2*u = -0*u + 28. Let g be (-122)/(-2) - o/6. Calculate the greatest common divisor of g and 40.
20
Let r(b) be the third derivative of b**4/6 + 21*b**3/2 + b**2 + 20*b. Let t be r(-4). What is the highest common factor of t and 1?
1
Let x = -3 - -10. Suppose 2*k + 165 = 5*j + x*k, -j + 2*k = -30. Let p = 80 - 56. What is the greatest common divisor of j and p?
8
Suppose 0 = 27*b - 3*b + 384. Let j be (-4 - (-260)/b)/(6/(-32)). What is the greatest common factor of 180 and j?
36
Suppose -115*d + 4*s - 23392 = -119*d, 0 = -4*d + 2*s + 23440. Calculate the highest common divisor of d and 384.
96
Let q(n) be the second derivative of n**4/4 - 4*n**3/3 - 34*n. Let p be q(4). What is the highest common factor of p and 12?
4
Suppose 0 = l + 4*y - 102, 5*y = -3*l + 167 + 118. Suppose 84*j = l*j - 24. What is the highest common factor of 28 and j?
4
Suppose -8*b + 283 + 789 = 0. Let a = 137 - b. What is the greatest common factor of 27 and a?
3
Suppose -5*z + j + 13710 = 0, -20*z + 18*z = j - 5491. What is the greatest common divisor of 2954 and z?
211
Let g(r) = 4*r**2 + 3*r + 1. Suppose 3 - 6 = 3*m. Let t be g(m). Suppose t*l = -11 + 35. What is the greatest common divisor of l and 132?
12
Let i(m) = 93*m - 59. Let l be i(23). Suppose 1188 + l = 19*s. Calculate the highest common factor of s and 43.
43
Let x = 26 + 0. Suppose 39*a + 1052 = 44*a + 3*u, 644 = 3*a + 5*u. What is the highest common factor of a and x?
26
Suppose -4*h + 927 = 3*v, 7*v = -h + 2*v + 236. Let z = -132 + h. Let i be 18*((-6)/4 + 2). What is the highest common divisor of i and z?
9
Let v(o) = 2*o**2 + 64*o + 2022. Let t be v(-26). What is the highest common factor of 2790 and t?
90
Suppose 744 = 2*h + h. Let a(p) = p**3 - 4*p**2 - 3*p - 23. Let n be a(6). Calculate the great